r?
False
Let r(h) = -4*h**3 + 4*h**2 + 4*h + 1. Let d be r(-3). Let a = 270 + d. Is a prime?
False
Let f be (15/(-2))/((-18)/(-24)). Let o be (-2)/(-5) + (-86)/f. Let t(m) = m**2 - 8*m + 6. Is t(o) a composite number?
True
Let n = -369 + 778. Is n prime?
True
Suppose -1868 - 12489 = -4*x + 3*z, 0 = 4*x + z - 14377. Is x composite?
False
Suppose 0 = -8*c + 11*c - 1191. Is c prime?
True
Let s be 2894/8 - (-6)/24. Let n be (4 - 1)/6*s. Suppose 2*k + m + n = 7*k, -4*k + m = -144. Is k a composite number?
False
Let f be (-4)/(-14) + (-18)/14. Let v be 570 - (f + -2) - 0. Is (v/(-6))/((-2)/4) a prime number?
True
Let q(i) = 3*i**2 + i - 1. Let c be q(2). Let b be 42*(c/2 - 3). Is 2/(-4)*-4 + b composite?
False
Let d be 1/(((-3)/(-1))/(-15)). Let c(k) = 2 + k + 8 - 3 - k**3. Is c(d) a prime number?
True
Let i be (-7)/(-4) - (-3)/12. Suppose -i*b + b + 59 = 0. Is b a composite number?
False
Let b(y) = 5*y + 3. Let c be b(-3). Let m be (2 - c/(-9))*-3. Is (-127)/m - (-6)/4 prime?
False
Let m be 6/(-8) + (-2102)/(-8). Let y = m - 105. Is y prime?
True
Let d be (-22)/(-6) - 16/24. Suppose -3*n - p + 448 = 2*n, d = p. Is n a prime number?
True
Let l(d) = 8*d + 2. Let o(y) = 2*y - 4. Let j be o(3). Let a be l(j). Is (-6)/(-27) - (-1490)/a composite?
False
Let g be ((-3)/2)/((-3)/(-508)). Is g*(-2)/4*1 a prime number?
True
Let n = -13 - -11. Is n/((-4)/(-2))*-58 composite?
True
Suppose 5*g - 3*r - 18120 = 2*r, -g + 3*r = -3624. Suppose 0 = -3*b - 0*f - 3*f - g, b + 1218 = f. Let p = b + 1844. Is p composite?
False
Let t(l) = 93*l**2 + 2*l - 3. Is t(2) a prime number?
True
Suppose -4*q - 2*b = -b - 2348, -2348 = -4*q + 3*b. Is q composite?
False
Is 6/(-9)*(-996)/8 a composite number?
False
Suppose 4*h + 3*a - 326 = 8*a, h - 86 = -a. Suppose t - 3 = h. Is t a composite number?
True
Let t(f) = 15*f**2 + f - 1. Let l be t(1). Let h = l + 146. Is h prime?
False
Is (-26 + -3)*(0 - 5) prime?
False
Suppose -3*y + 0*c = 2*c - 87, 0 = -4*c. Suppose -4*b + 79 = 3*q, 2*b = -3*q - q + 32. Let p = y + b. Is p composite?
True
Let o be 4 + (-606)/(3 + -6). Suppose 0 = -y - y + o. Is y a prime number?
True
Let c(f) = 35*f**3 - f**2 + 2*f - 1. Let h be 3 + -3 - (0 + -1). Is c(h) prime?
False
Let b = -20 - -32. Is (-1297)/(-7) + b/(-42) a composite number?
True
Let g = 102 - 22. Suppose -3*c + 2*c + 4 = 0. Suppose 0*t = -5*u + 5*t + g, u - c*t - 22 = 0. Is u composite?
True
Let r(l) = -l**2 + l + 1. Let v(b) = b**3 + 8*b**2 - 7*b - 12. Let m(c) = -2*r(c) + v(c). Let j be m(-11). Let p = j - -121. Is p composite?
True
Let u(g) = g - 15. Let k be u(17). Suppose 0*o - 483 = -5*x - k*o, -396 = -4*x - 4*o. Is x composite?
True
Suppose -331 - 91 = -2*p. Is p a composite number?
False
Let k(r) = 39*r**2 - 4*r - 7. Let d be k(-3). Suppose 5*n = -2*b - 30, -5*b - n = n + 54. Is (5/b)/((-2)/d) a prime number?
True
Suppose -4*o - 64 + 1380 = 0. Is o composite?
True
Suppose d + 5*o = -7, d + d + 4*o + 2 = 0. Is (d/6 + 0)*70 a prime number?
False
Let s be 1*8*3*2. Suppose 2*x - s = 106. Is x composite?
True
Let u(m) = -1143*m - 6. Is u(-1) prime?
False
Let q = 11 + -6. Suppose -2*y - 3*y = -20. Suppose -5*j = q*u - 145, y*u + j - 104 = -0*j. Is u composite?
True
Let w(k) = -2*k**3 + 5*k**2 + 12*k + 9. Let v(o) = o**3 - 2*o**2 - 6*o - 4. Let m(a) = -5*v(a) - 3*w(a). Let q = -9 - -16. Is m(q) composite?
True
Let b = 165 - 6. Let u = 28 + b. Is u a prime number?
False
Let u(x) = -x**2 + x. Let f be u(4). Let g(y) = 57*y + 34. Let i(z) = -19*z - 11. Let r(j) = -6*g(j) - 17*i(j). Is r(f) prime?
True
Suppose y = 2*y. Suppose 4*s + 5 + 11 = y, 2*m + 5*s - 86 = 0. Is m a composite number?
False
Let p(n) = 4*n**2 - 7*n + 19. Is p(-8) prime?
True
Let r = -1 - -83. Is r a prime number?
False
Suppose 3*v - 2*v - 381 = 0. Is v prime?
False
Suppose -8856 = f - 4*f. Suppose -2*j + f = 2*j. Suppose -l = 2, -2*u = l - j + 294. Is u a prime number?
True
Suppose -7*v - 4652 = -11*v. Is v a composite number?
False
Let y(x) = 4*x**2 + 5*x - 8. Is y(-6) a prime number?
False
Let w = -32 - -227. Suppose -g + w = -44. Is g prime?
True
Let a = -15 + 17. Suppose -6*h + a*h = -1796. Is h a composite number?
False
Let k(f) = 13*f**2 - 2*f - 4. Is k(-3) a composite number?
True
Let h(b) = 4*b - 3. Let f be h(6). Let c be -2*1/(-2)*-11. Let p = f + c. Is p composite?
True
Let g = -253 + 1040. Is g a prime number?
True
Let b = -24 - -8. Let f = b + 22. Is (-12)/18 + 352/f prime?
False
Let x be (2*-1)/((-8)/(-20)). Is 31/(-2)*10/x prime?
True
Is 8/2*(-6038)/(-8) a composite number?
False
Suppose -t + 0*t = 4*w + 43, 0 = 4*t - 5*w + 235. Is (1*13)/((-5)/t) a prime number?
False
Is -3*2/18*-6081 a composite number?
False
Let i = 277 - 99. Suppose -53 = 4*z + 2*o - 197, 0 = 5*z + 3*o - i. Is z a prime number?
False
Is 0 - -3044 - (9 - 6) a composite number?
False
Suppose 48 = -v + 355. Is v composite?
False
Let i(n) = -10*n + 6. Let t be i(5). Let y = -7 - t. Is y a composite number?
False
Let v(b) = -b**2 + 6. Let q be v(0). Suppose -q = -k - l, k - 24 = -3*k + 4*l. Is k a prime number?
False
Suppose 3037 = f - 4*t, 3*f + 5*t - 1182 = 7844. Is f prime?
False
Let o(q) = 5*q**2 + 3*q + 2. Let t be o(-6). Is (-30)/20*t/(-3) composite?
True
Suppose -526 = -4*q - 2*s, 0 = -5*q - 2*s - 104 + 763. Is q prime?
False
Suppose -10 = -4*t - 2*o + 36, -4*t - 3*o + 49 = 0. Let g(k) = k**3 - 6*k**2 - 14*k + 9. Is g(t) a prime number?
True
Let n(k) = 31*k**2 - 9*k - 11. Is n(-5) composite?
False
Let g = 9700 + -6335. Is g composite?
True
Let f = 10 - 0. Let v be (f/2)/((-2)/(-8)). Suppose 0 = -5*p + v + 95. Is p composite?
False
Is (449/(-4))/((-5)/20) a composite number?
False
Let w = 124 - -107. Is w/2 + 4/(-8) prime?
False
Suppose -2*y = -2*c - 194, -4*c - 146 = -3*y + 148. Is y prime?
False
Let q(s) = -2*s**3 - 2*s**2 + 2*s + 2. Let u be q(-2). Let r be (-4)/((-8)/u) + 19. Let a = r - 16. Is a a prime number?
False
Let l(s) = -96*s**2 - s + 2. Let h be l(1). Let r = -24 - h. Is r a prime number?
True
Let s be (8/(-5))/((-2)/2855). Suppose -k = 3*k - s. Suppose n = 6*q - q + 123, 5*n = 3*q + k. Is n a composite number?
False
Let n(j) = -j - 5. Let s be n(-2). Is s + (0 - -1 - -213) composite?
False
Let p(f) = f**3 + 11*f**2 - 4*f + 10. Let b be p(-10). Let t = b + -97. Is t prime?
True
Let y(t) = -25*t + 3. Let i be y(3). Let u be i/4 - (-4)/(-2). Is (-8)/u - (-306)/10 a composite number?
False
Let w be 8/(-44) + (-24)/(-11). Is w*16 + 3 + 0 a prime number?
False
Suppose 5*d - 4*g = 3095, -15 + 5 = -2*g. Is d composite?
True
Let z(r) = -26*r + 1. Let m(d) = -27*d + 1. Let o(a) = -3*m(a) + 2*z(a). Is o(4) a prime number?
False
Is (254/2 - 3) + 3 a prime number?
True
Suppose 0 = -4*s + 2459 + 549. Is s/13 - (-8)/52 a prime number?
False
Suppose 5*t + o - 2675 = 6*o, -5*o + 10 = 0. Is t a prime number?
False
Let n = -256 - -1053. Is n a prime number?
True
Suppose 2*r - 5*c = -10, 0 = 2*r - 8*c + 4*c + 8. Let f be 0/(-3 + 0 - -2). Suppose -w + f*w + 31 = r. Is w composite?
False
Let n(z) be the third derivative of -4*z**4 - z**3/6 + z**2. Is n(-2) a prime number?
True
Suppose 3*s - 13 - 19 = 4*n, s + 6 = -2*n. Suppose s*l = 11 + 5, -l = -4*k + 40. Suppose k = -5*y + 31. Is y a prime number?
False
Suppose 2*u + 1357 = r, -2*u = -7*u + 10. Is r prime?
True
Suppose 2*o = 3*t - 7841, -3*t - 4*o = t - 10428. Is t prime?
False
Let o(s) = 25*s**2 + s - 1. Let h be (-194)/(-18) - 2/(-9). Let x(c) = -c + 12. Let p be x(h). Is o(p) a composite number?
True
Suppose 0 = 3*k - 16 - 2. Let x = -11 + k. Is (-178)/(x + 2 - -1) prime?
True
Let g(l) = 23*l + 5. Is g(6) prime?
False
Suppose 0*t + t + 4*w = 113, -2*w - 325 = -3*t. Is t composite?
False
Let w(a) = -3*a**3 + a + 1. Let j(t) = -t**2 - 6*t + 5. Let d be j(-7). Let s be ((1 - -2) + d)/(-1). Is w(s) composite?
False
Suppose 0*a + 112 = 4*a - 3*p, 0 = -5*p. Is 6/15 + a/5 a prime number?
False
Suppose -5*m = -2*v + 1 - 22, -3*m + 25 = 5*v. Suppose 5*z = -0*z - 4*q + 65, -4*q = v*z - 38. Let i = z - -2. Is i prime?
True
Suppose 3*f = 708 + 1041. Is f a prime number?
False
Let c(b) be the third derivative of b**6/120 + 4*b**5/15 + b**4/2 - b**3 + 6*b**2. Is c(-15) a prime number?
False
Let v(t) = -t**3 + 5*t**2 - t + 5. Let z be v(4). Let d = z + -2. Is d a prime number?
False
Let v = 10 + -13. I